{"id":593,"date":"2017-01-30T09:35:40","date_gmt":"2017-01-30T09:35:40","guid":{"rendered":"http:\/\/1.studio7panketal.de\/?page_id=593"},"modified":"2026-03-15T10:44:39","modified_gmt":"2026-03-15T10:44:39","slug":"rollstuhlfahrer","status":"publish","type":"page","link":"https:\/\/studio7panketal.de\/?page_id=593","title":{"rendered":"Info&#8217;s f\u00fcr Rollstuhlfahrer"},"content":{"rendered":"<p><strong>Lieber Gast.<br \/>\n<\/strong>Sie m\u00f6chten uns besuchen, sind aber auf einen Rollstuhl angewiesen, dann sind die nachfolgenden Hinweise wichtig:<br \/>\nDer Hof ist zwar mit Kopfsteinpflaster ausgelegt, doch der Zugang zum &#8222;Saal&#8220; des Studio7 ist <strong>fast<\/strong> barrierefrei.<br \/>\nBitte fragen Sie <strong>vor<\/strong> dem Kartenkauf an der Theaterkasse nach einem freien Rollstuhl- Stellplatz.<\/p>\n<p>Kaufen Sie die Karten online, so melden Sie sich entweder <strong>vor<\/strong> dem Kauf von Eintrittskarten unter<br \/>\n030 &#8211; 47 48 66 55<br \/>\n0176 &#8211; 22 24 86 83<br \/>\noder Sie hinterlassen direkt beim Online-Ticketkauf im Feld &#8222;zus\u00e4tzliche Bemerkungen&#8220; einen Hinweis: z.B.: 1 Rollstuhl + Begleitung. Darauf kann ich sofort reagieren, eventuelle Hinweise geben oder, falls n\u00f6tig, die Tickets wieder stornieren, weil eventuell kein Platz mehr frei ist!<\/p>\n<p>Wir haben aufgrund der Raumgr\u00f6sse maximal 2 normale Rollstuhlpl\u00e4tze direkt vor der B\u00fchne.<br \/>\nGrosse E-Rollst\u00fchle oder Liegen haben leider keinen Platz.<br \/>\nHinweis 1: Auf spontane Rollstuhlfahrer sind wir leider nicht immer eingerichtet.<br \/>\nHinweis 2: die sanit\u00e4ren Anlagen sind leider nicht Rollstuhl gerecht hergerichtet.<br \/>\nHinweis 3: Bei Rock-Konzerten kann es am Stellplatz zum Teil sehr laut werden.<\/p>\n<p>Wir bitten um Ihr Verst\u00e4ndnis und freuen uns sehr auf Ihren Besuch.<br \/>\nVielen Dank.<br \/>\nBert Eulitz \/ Studio7 Panketal<\/p>\n","protected":false},"excerpt":{"rendered":"<p>Lieber Gast. Sie m\u00f6chten uns besuchen, sind aber auf einen Rollstuhl angewiesen, dann sind die nachfolgenden Hinweise wichtig: Der Hof ist zwar mit Kopfsteinpflaster ausgelegt, doch der Zugang zum &#8222;Saal&#8220; des Studio7 ist fast barrierefrei. Bitte fragen Sie vor dem Kartenkauf an der Theaterkasse nach einem freien Rollstuhl- Stellplatz. Kaufen Sie die Karten online, so [&hellip;]<\/p>\n","protected":false},"author":1,"featured_media":0,"parent":0,"menu_order":0,"comment_status":"closed","ping_status":"closed","template":"","meta":{"footnotes":""},"class_list":["post-593","page","type-page","status-publish","hentry"],"_links":{"self":[{"href":"https:\/\/studio7panketal.de\/index.php?rest_route=\/wp\/v2\/pages\/593","targetHints":{"allow":["GET"]}}],"collection":[{"href":"https:\/\/studio7panketal.de\/index.php?rest_route=\/wp\/v2\/pages"}],"about":[{"href":"https:\/\/studio7panketal.de\/index.php?rest_route=\/wp\/v2\/types\/page"}],"author":[{"embeddable":true,"href":"https:\/\/studio7panketal.de\/index.php?rest_route=\/wp\/v2\/users\/1"}],"replies":[{"embeddable":true,"href":"https:\/\/studio7panketal.de\/index.php?rest_route=%2Fwp%2Fv2%2Fcomments&post=593"}],"version-history":[{"count":23,"href":"https:\/\/studio7panketal.de\/index.php?rest_route=\/wp\/v2\/pages\/593\/revisions"}],"predecessor-version":[{"id":20915,"href":"https:\/\/studio7panketal.de\/index.php?rest_route=\/wp\/v2\/pages\/593\/revisions\/20915"}],"wp:attachment":[{"href":"https:\/\/studio7panketal.de\/index.php?rest_route=%2Fwp%2Fv2%2Fmedia&parent=593"}],"curies":[{"name":"wp","href":"https:\/\/api.w.org\/{rel}","templated":true}]}}