{"id":431,"date":"2017-01-24T09:33:27","date_gmt":"2017-01-24T09:33:27","guid":{"rendered":"http:\/\/1.studio7panketal.de\/?page_id=431"},"modified":"2026-03-15T11:17:36","modified_gmt":"2026-03-15T11:17:36","slug":"hinweise","status":"publish","type":"page","link":"https:\/\/studio7panketal.de\/?page_id=431","title":{"rendered":"H\u00e4ufig gestellte Fragen"},"content":{"rendered":"<p><strong>Lieber Gast!<\/strong><\/p>\n<p>Ich begr\u00fcsse Sie herzlich im Studio7 Panketal.<br \/>\nHier ein paar Antworten\u00a0auf die meist gestellten Fragen.<br \/>\nDie Allgemeinen Gesch\u00e4ftsbedingungen (<a href=\"http:\/\/1.studio7panketal.de\/?page_id=534\">AGB&#8217;s<\/a>) und Infos f\u00fcr <a href=\"http:\/\/1.studio7panketal.de\/?page_id=593\">Rollstuhlfahrer<\/a> entnehmen Sie bitte gesondert.<br \/>\nVielen Dank f\u00fcr Ihre\u00a0Aufmerksamkeit!<br \/>\nBert Eulitz, Studio7<\/p>\n<p><strong>Wer und was ist das Studio7?<\/strong><br \/>\nDas Studio7 ist eine privat gef\u00fchrte Einrichtung, die mit B\u00fchne &amp; Musikschule in dieser Form seit April 2013 existiert und sich in einem umgebauten Pferdestall befindet, der Teil eines f\u00fcr Zepernick typischen, heute denkmalgesch\u00fctzten 4-Seiten-Hofs aus dem 19. Jahrhundert ist.<\/p>\n<p><strong>Wie komme ich ins Studio7?<\/strong><br \/>\nMit der S-Bahn der Linie S2 bis Zepernick, dann etwa 15min Fussweg.<br \/>\nMit dem Auto nach Alt Zepernick 7, 16341 Panketal.<br \/>\nMit dem Fahrrad oder zu Fu\u00df.<\/p>\n<p><strong>Wann ist ge\u00f6ffnet?<\/strong><br \/>\n1h vor Programmbeginn bis ca. 1h nach Programmende.<br \/>\nGibt es kein Programm, ist das Studio7 geschlossen.<br \/>\n<span style=\"color: #ff0000;\">Einlass grunds\u00e4tzlich nur mit g\u00fcltiger und bezahlter Eintrittskarte.<\/span><\/p>\n<p><strong>Parkpl\u00e4tze<\/strong><br \/>\nFahrr\u00e4der k\u00f6nnen direkt auf dem Hof abgestellt werden, Autos nicht.<br \/>\nAuf dem Studio7-Gel\u00e4nde haben wir <span style=\"text-decoration: underline;\">keine<\/span> Parkpl\u00e4tze. Bitte achten Sie darauf, dass auch der Parkplatz des Getr\u00e4nke-Hoffmann nebenan Privatgel\u00e4nde und <span style=\"text-decoration: underline;\">kein<\/span> \u00f6ffentlicher Parkplatz ist. Getr\u00e4nke-Hoffmann \u00fcberwacht das Gel\u00e4nde mit einer Kamera und das widerrechtliche Abstellen kostet den Falschparker 45.-\u20ac. Das gilt immer, auch nach 20Uhr und auch sonntags. Es gibt aber gen\u00fcgend Parkm\u00f6glichkeiten im Umfeld und in den Seitenstrassen.<\/p>\n<p><strong>Gibt es Getr\u00e4nke &amp; Snacks?<\/strong><br \/>\nJa. Wir haben Getr\u00e4nke &amp; Snacks, bieten aber <span style=\"text-decoration: underline;\">keine<\/span> Speisen an.<\/p>\n<p><strong>Kann ich im Studio7 mit EC- oder Kreditkarte zahlen?<\/strong><br \/>\nNein.<\/p>\n<p><span style=\"color: #000000;\"><strong>Wo gibt es Studio7- Eintrittskarten?<\/strong><br \/>\n<\/span>In den VVK-Stellen (siehe rechts), online und telefonisch.<br \/>\nEine Online- oder Telefonbestellung setzt eine g\u00fcltige eMail- Adresse voraus.<br \/>\nEine telefonische oder Onlinebestellung muss innerhalb von 5 Tagen nach Erhalt der Bestellbest\u00e4tigung per \u00dcberweisung bezahlt werden. Die darauf hin verschickte Zahlungsbest\u00e4tigung beinhaltet alle Daten und dient dem Gast als Eintrittskarte und Nachweis im Zweifel.<\/p>\n<p><strong>Wie komme ich an meine Eintrittskarten?<br \/>\n<\/strong>Unsere VVK- Stellen, die rechts aufgef\u00fchrt sind, geben Ihnen die Studio7- Eintrittskarten sofort mit.<br \/>\nAnders verh\u00e4lt es sich bei Online- und telefonischen Bestellungen:<br \/>\nEintrittskarten werden grunds\u00e4tzlich <strong>nicht<\/strong> verschickt. Brauchen Sie die Karten vorher, weil Sie sie z.B. verschenken wollen, empfiehlt sich der Besuch einer unserer VVK-Stellen.<br \/>\nSie k\u00f6nnen aber auch direkt nach einer Veranstaltung im Studio7 Karten f\u00fcr weitere Veranstaltungen erwerben und die Tickets auch gleich mitnehmen.<br \/>\nAchtung: Ist keine Veranstaltung im Haus, ist das Studio7 geschlossen.<\/p>\n<p><strong>Gibt es erm\u00e4\u00dfigte Eintrittskarten?<\/strong><br \/>\nNein.<\/p>\n<p><strong>Kann ich Eintrittskarten zur\u00fcckgeben?<\/strong><br \/>\nNein.\u00a0Nur in dringenden Ausnahmef\u00e4llen bitte eine eMail an karten(\u00e4t)studio7panketal.de<br \/>\nWir kl\u00e4ren das von Fall zu Fall.<\/p>\n<p><strong>Gibt es eine Abendkasse?<\/strong><br \/>\nJa.<br \/>\nSolange eine Veranstaltung nicht als &#8222;Ausverkauft&#8220; gekennzeichnet ist, so lange gibt es auch Karten an der Abendkasse.<br \/>\n<span style=\"color: #ff0000;\">Achtung<\/span>: Karten an der Abendkasse sind meist wesentlich teurer, als\u00a0Karten im\u00a0Vorverkauf.\u00a0Ausserdem besteht die Gefahr, keinen Einlass zu bekommen, weil inzwischen die restlichen Karten verkauft wurden.<\/p>\n<p><strong>Ausverkauft! Habe ich Chancen, noch Karten zu bekommen?<\/strong><br \/>\nJa.\u00a0Manchmal kommen Karten aus dringenden Gr\u00fcnden zur\u00fcck. Ist die Veranstaltung schon l\u00e4nger ausverkauft,\u00a0haben wir eine Warteliste. Eine kurze e-Mail an karten(\u00e4t)studio7panketal.de mit\u00a0Ihren Kontaktdaten, dem K\u00fcnstler und der gew\u00fcnschten Kartenzahl gen\u00fcgt. Wir melden uns, sobald Kapazit\u00e4ten frei sind per eMail.<br \/>\nAber auch am Tag der Veranstaltung kann man\u00a0kurz vor Beginn noch Gl\u00fcck\u00a0haben, denn nicht selten kommt es vor, dass einzelne Karten kurzfristig nicht genutzt werden k\u00f6nnen und somit wieder zur Verf\u00fcgung stehen. Es lohnt sich manchmal, direkt vor Ort zu warten oder nachzufragen:\u00a0<strong>\u00a00176 &#8211; 22 24 86 83<\/strong><\/p>\n<p><strong>Haben Sie Studio7- Gutscheine?<\/strong><br \/>\nJa. In der Theaterkasse Buch, in der VVK- Stelle &#8222;Nur ein M\u00fc&#8220; und im Studio7 direkt k\u00f6nnen Sie Studio7- Gutscheine erwerben.<br \/>\nDen Betrag legen Sie selber fest.<br \/>\nIm Studio7- Onlineshop k\u00f6nnen Sie jederzeit Gutscheine im Wert von 25.-\u20ac und 50.-\u20ac erwerben.<br \/>\nDie Versandgeb\u00fchr betr\u00e4gt pro Gutschein pauschal 2,50\u20ac und wird automatisch draufgeschlagen.<br \/>\nSo kostet der Gutschein f\u00fcr 25.-\u20ac dann 27,50\u20ac und der f\u00fcr 50.-\u20ac dann 52,50\u20ac.<br \/>\n<strong>Achtung:<\/strong>\u00a0<span style=\"color: #ff0000;\">Gutscheine sind und ersetzen keine Eintrittskarten.<\/span><\/p>\n<p><strong>Gutschein einl\u00f6sen<\/strong><br \/>\nIm <span style=\"text-decoration: underline;\">Onlineshop<\/span> k\u00f6nnen Gutschein <span style=\"text-decoration: underline;\">nicht<\/span> eingel\u00f6st werden.<br \/>\nSie m\u00fcssen zuerst Ihre Karten kaufen und komplett bezahlen.<br \/>\nDen Gutschein zur Veranstaltung mitbringen und ihn an der Abendkasse in bar erstatten lassen.<br \/>\nIn der Theaterkasse Buch und in &#8222;Nur ein M\u00fc&#8220; k\u00f6nnen Sie den Gutschein direkt beim Erwerb einl\u00f6sen.<br \/>\nSie m\u00fcssen ihn aber im Original einreichen. Eine Kopie reicht nicht aus.<\/p>\n<p><strong>Haben alle G\u00e4ste einen Sitzplatz?<\/strong><br \/>\nNein, nicht immer.\u00a0Bitte beachten Sie dazu die Programmhinweise auf unserer Homepage.<br \/>\nSitzplatzgarantie bedeutet: jeder hat einen Sitzplatz. (Kabarett, Lesungen, spezielle Konzerte)<br \/>\nKeine Sitzplatzgarantie bedeutet: ca. 50 &#8211; 60 Sitzpl\u00e4tze, sonst Stehpl\u00e4tze an Stehtischen.\u00a0<span style=\"color: #ff0000;\"><span style=\"color: #000000;\"><br \/>\n<\/span><\/span><strong>Achtung<\/strong>: Mindestens 30 Sitzpl\u00e4tze sind Barhocker.<\/p>\n<p><strong>Sind Rollstuhlpl\u00e4tze vorhanden?<\/strong><\/p>\n<p><img loading=\"lazy\" decoding=\"async\" class=\"alignleft wp-image-409\" src=\"http:\/\/1.studio7panketal.de\/wp-content\/uploads\/2017\/01\/wheelchair-symbol-clip-art-5215-e1485248397342-150x150.jpg\" alt=\"\" width=\"97\" height=\"97\" srcset=\"https:\/\/studio7panketal.de\/wp-content\/uploads\/2017\/01\/wheelchair-symbol-clip-art-5215-e1485248397342-150x150.jpg 150w, https:\/\/studio7panketal.de\/wp-content\/uploads\/2017\/01\/wheelchair-symbol-clip-art-5215-e1485248397342-100x100.jpg 100w\" sizes=\"auto, (max-width: 97px) 100vw, 97px\" \/>Ja. Unser Objekt ist fast Barriere frei.<br \/>\nEs stehen maximal 2 normale Rollstuhlpl\u00e4tze direkt vor der B\u00fchne zur Verf\u00fcgung.<br \/>\nAllerdings &#8211; und das m\u00fcssen Sie wissen &#8211; sind die WC&#8217;s nicht passend eingerichtet. Wir bitten das zu ber\u00fccksichtigen!<br \/>\nBitte\u00a0<span style=\"color: #ff0000;\"><span style=\"color: #000000;\">fragen<\/span> <\/span>Sie\u00a0<span style=\"color: #ff0000;\"><strong>vor<\/strong>\u00a0der Kartenbestellung<span style=\"color: #000000;\"> nach<\/span><\/span>\u00a0freien Kapazit\u00e4ten!<br \/>\nSpontane Rollstuhlpl\u00e4tze sind leider nicht realisierbar!<\/p>\n<p><strong><br \/>\nSind Platzreservierungen m\u00f6glich?<\/strong><br \/>\nGrunds\u00e4tzlich nein. Sie haben immer die freie Platzwahl.<br \/>\nAusnahmen sind Begleitpersonen von Rollstuhlfahrern, sowie Personen mit Gehbehinderungen.<\/p>\n<p><strong>Wann gibt es immer die aktuelle Studio7- Werbung?<\/strong><br \/>\nDie Homepage wird st\u00e4ndig aktualisiert und der VVK l\u00e4uft langfristig.<br \/>\nDen aktuellen Programm-\u00a0Flyer gibt es ca. alle 3 Monate.<\/p>\n<p><strong>Wie lange geht eine Veranstaltung?<\/strong><br \/>\nIm Normalfall dauert eine Veranstaltung ca. 2 Stunden + ca. 20 min Pause.<br \/>\nNach dem Programm und einer kurzen Verschnaufpause stehen die meisten K\u00fcnstler noch f\u00fcr Fotos usw. zur Verf\u00fcgung.<\/p>\n<p><strong>Darf ich w\u00e4hrend des Programms fotografieren oder filmen?<\/strong><br \/>\nDas Filmen und auch das Fotografieren kann untersagt werden, wenn es der K\u00fcnstler ausdr\u00fccklich w\u00fcnscht! Bitte Urheberrechte und die Ansagen beachten.<br \/>\nIst eine Erlaubnis erteilt, sind Fotos und Videos grunds\u00e4tzlich nur f\u00fcr den Privatgebrauch gedacht.<\/p>\n<p><strong>Kann ich das Studio7 privat mieten?<\/strong><br \/>\nNein.<\/p>\n<p><strong>Sonstiges<br \/>\n<\/strong>Das Mitbringen und der Verzehr von eigenen Speisen und Getr\u00e4nken ist\u00a0untersagt.<br \/>\n<span style=\"color: #000000;\">Die Nutzung von Pyrotechnik aller Art ist g\u00e4nzlich untersagt.<br \/>\nH<\/span><span style=\"color: #000000;\">andy- und Tablet-Nutzung ist unerw\u00fcnscht.<br \/>\n<\/span><span style=\"color: #000000;\">Der\u00a0Missbrauch des Onlineshops wird juristisch verfolgt.<br \/>\nEs gilt auf dem Gel\u00e4nde des Studio7 Panketal das Jugendschutzgesetz.<\/span><\/p>\n<p><strong>Weitere Fragen oder Anregungen?<\/strong><br \/>\nBert Eulitz<br \/>\nB\u00fcro: 030 &#8211; 47 48 66 55<br \/>\nFunk: 0176 &#8211; 22 24 86 83<br \/>\nMail: <a href=\"mailto:bert@studio7panketal.de\" target=\"_blank\" rel=\"noopener noreferrer\">bert@studio7panketal.de<\/a><\/p>\n<p><strong>Wir freuen uns sehr auf Ihren Besuch.<br \/>\nBert Eulitz &amp; das Studio7- Team<\/strong><\/p>\n","protected":false},"excerpt":{"rendered":"<p>Lieber Gast! Ich begr\u00fcsse Sie herzlich im Studio7 Panketal. Hier ein paar Antworten\u00a0auf die meist gestellten Fragen. Die Allgemeinen Gesch\u00e4ftsbedingungen (AGB&#8217;s) und Infos f\u00fcr Rollstuhlfahrer entnehmen Sie bitte gesondert. Vielen Dank f\u00fcr Ihre\u00a0Aufmerksamkeit! Bert Eulitz, Studio7 Wer und was ist das Studio7? Das Studio7 ist eine privat gef\u00fchrte Einrichtung, die mit B\u00fchne &amp; Musikschule in [&hellip;]<\/p>\n","protected":false},"author":1,"featured_media":0,"parent":0,"menu_order":0,"comment_status":"closed","ping_status":"closed","template":"","meta":{"footnotes":""},"class_list":["post-431","page","type-page","status-publish","hentry"],"_links":{"self":[{"href":"https:\/\/studio7panketal.de\/index.php?rest_route=\/wp\/v2\/pages\/431","targetHints":{"allow":["GET"]}}],"collection":[{"href":"https:\/\/studio7panketal.de\/index.php?rest_route=\/wp\/v2\/pages"}],"about":[{"href":"https:\/\/studio7panketal.de\/index.php?rest_route=\/wp\/v2\/types\/page"}],"author":[{"embeddable":true,"href":"https:\/\/studio7panketal.de\/index.php?rest_route=\/wp\/v2\/users\/1"}],"replies":[{"embeddable":true,"href":"https:\/\/studio7panketal.de\/index.php?rest_route=%2Fwp%2Fv2%2Fcomments&post=431"}],"version-history":[{"count":203,"href":"https:\/\/studio7panketal.de\/index.php?rest_route=\/wp\/v2\/pages\/431\/revisions"}],"predecessor-version":[{"id":20927,"href":"https:\/\/studio7panketal.de\/index.php?rest_route=\/wp\/v2\/pages\/431\/revisions\/20927"}],"wp:attachment":[{"href":"https:\/\/studio7panketal.de\/index.php?rest_route=%2Fwp%2Fv2%2Fmedia&parent=431"}],"curies":[{"name":"wp","href":"https:\/\/api.w.org\/{rel}","templated":true}]}}